What is the hundreds digit of o?
2
Let q = 85644 + -42768. What is the ten thousands digit of q?
4
Suppose -66 + 69 = m. Let j(t) = 245*t - 61. What is the units digit of j(m)?
4
Let j(h) = -24*h + 3*h**2 - 18 + 13*h + 8*h + 1. What is the tens digit of j(-12)?
5
Let i = 79668 - 36927. What is the units digit of i?
1
Suppose 0 = 19*c - 15*c + 3*w - 41482, -4*c + 41446 = -3*w. What is the hundreds digit of c?
3
Let w = 55 - 59. Let a be 18/(-22) + w/22. What is the tens digit of 29 - 9 - (a - -4)?
1
Suppose -2*d + q = 157, 0 = -d - q - 125 + 48. Let r be 2/(-3)*d/(-4). What is the tens digit of r/(260/24)*-60?
7
Suppose 16416 = 2*i + i + 2682. What is the units digit of i?
8
Suppose -18*k + 5*a = -21*k + 2604, -k = 4*a - 875. Let i = -506 + k. What is the units digit of i?
7
Let k(t) = -t**2 + 8*t + 10. Let p be k(10). Let n be (-12)/p*960/(-18). What is the units digit of (6/4)/((-6)/n)?
6
Suppose 0 = 113*w - 452365 - 2374773 + 533577. What is the hundreds digit of w?
2
Suppose -2972*r = -2965*r - 231238. What is the ten thousands digit of r?
3
Suppose -3242 = -12*s + 6598. Suppose -18*m + 14*m + s = 0. What is the hundreds digit of m?
2
Let d(z) = 2238*z - 3297. What is the thousands digit of d(25)?
2
What is the thousands digit of (279/45)/(-31) + (-500032)/(-10)?
0
Let z(q) = -39*q - 74. Let t = -787 + 764. What is the hundreds digit of z(t)?
8
Let v = -36684 - -73621. What is the thousands digit of v?
6
Let b = -25 + -12. Let j = b - -40. What is the tens digit of (j - (1 + 2)) + 97?
9
Suppose -25 = j + 2*o + 3*o, -3*o = -3*j - 39. Let g be 1/(5/j) - -7. What is the tens digit of (-2)/g*-46 - 4?
1
Let c(v) = 3244*v**3 - 13*v**2 + 5*v - 3. What is the hundreds digit of c(1)?
2
Let o be (-2)/(-9) - -2*(-51)/(-27). Let c(k) = -3*k + 22. What is the tens digit of c(o)?
1
Suppose 9*s - 11 = -2*s. Suppose 2 = y - s. Suppose 0 = -4*l + m - y*m + 4, 2*m + 8 = 2*l. What is the units digit of l?
2
Let b be 16/(16/4)*15/20. Suppose b*k = 1446 + 324. What is the tens digit of k?
9
Let a = 12072 + -241. What is the units digit of a?
1
Let z(q) = -130*q - 1100. What is the thousands digit of z(-18)?
1
Let v be (-20)/(-15) + 36/(-27). Suppose 5*r = 3*c + 2*c - 675, 3*r + 9 = v. What is the units digit of c?
2
Suppose 189431 = -106*z + 987505. What is the thousands digit of z?
7
Suppose 5*y - o = 9*y - 32345, 0 = 5*o + 15. What is the tens digit of y?
8
Let p be (-12)/4 - (-123 + 2). Suppose 7 - 1 = 2*z, 2*c - p = -2*z. What is the tens digit of c?
5
Let x(z) = 35*z**2 - 2*z - 12. Suppose -4*v + 6 = -2*v. What is the units digit of x(v)?
7
Suppose -384*u = -418*u + 1513102. What is the thousands digit of u?
4
Let d be (33 + 8 + -15)*(34 + -2). Let j = d + -558. What is the units digit of j?
4
Suppose -24*a + 431612 = 95*a + 91986. What is the units digit of a?
4
Suppose 169 = 5*n + 1284. Let y = -101 - n. Let w = y + -68. What is the units digit of w?
4
Suppose 4*v + 7796 = 4*q, -5*v - 1953 = 3*q - 4*q. Let m = q + -1010. What is the hundreds digit of m?
9
Let n(r) = -48*r**3 + 3*r**2 + 17*r + 20. What is the hundreds digit of n(-3)?
2
Suppose 2*p + 20 = -2*p. Let j be ((-1)/p*-5)/(2/(-16)). Let y(h) = 4*h**2 - 9*h + 22. What is the tens digit of y(j)?
0
Let c(b) = 633*b**2 - 7*b - 6. Suppose -8*r - 29 = -21. What is the hundreds digit of c(r)?
6
Let m = -99 - -887. Let f = -436 + m. Suppose -6*v + 14 = -f. What is the tens digit of v?
6
What is the thousands digit of (-25368)/40*2/4*(-50)/5?
3
Let m = 2107 - -2869. What is the hundreds digit of m?
9
Suppose 240*s = -194*s + 83*s + 6775704. What is the hundreds digit of s?
3
Let g(q) = 3*q - 15. Let j be g(6). Suppose -c + 93 - 452 = -a, j*a + c - 1093 = 0. What is the tens digit of a?
6
Suppose 8 = -4*r - 2*n, 2*n - n + 4 = 4*r. Suppose -2*t - s + 329 - 1018 = r, 3*s = -2*t - 679. Let o = -175 - t. What is the units digit of o?
2
Let z = 32 - 31. Let d be 32 + -38 + (-3 - (0 - z)). What is the tens digit of 1/(-5)*-12*(-300)/d?
9
Let r = 149360 + -103355. What is the hundreds digit of r?
0
Let t(y) = 51*y**2 - 2 - 2*y - 47*y**2 + 2*y. Let c be t(2). Let j = 38 - c. What is the units digit of j?
4
Let o(h) = -23*h - 9*h - 17 - 20*h**2 + h**3 + 5*h. What is the hundreds digit of o(22)?
3
Let i(z) = 4*z - 71. Let s(h) = h - 1. Let t(u) = -i(u) - 2*s(u). Suppose -2*m + 36 = 4*d, 4*d + 10*m - 36 = 7*m. What is the units digit of t(d)?
9
Let r = -28 + 59. Suppose 8*n = r - 7. Suppose -10*m = -n*m - 1190. What is the hundreds digit of m?
1
What is the thousands digit of (1981 - 1) + (108 - 108)?
1
Let a be (-4)/40*8*-45. Let w be (-3)/(a/8)*3. Let g(q) = -11*q + 2. What is the units digit of g(w)?
4
Let g(v) = 6425*v**2 + 107*v + 111. What is the hundreds digit of g(-1)?
4
Suppose -u + 37848 = 4*b, 19*b + 9457 = 20*b - u. What is the thousands digit of b?
9
Suppose -11*h = -216 + 161. Suppose 2391 = h*c + 176. What is the hundreds digit of c?
4
Suppose -328 = 13*t - 17*t. Suppose 0 = -3*z + 443 + t. What is the units digit of z?
5
Suppose 4086*r - 4098*r = -461376. What is the tens digit of r?
4
Let m be (-4 - -7)/(2/222). Suppose -21*d + 13542 - m = 0. What is the units digit of d?
9
Let k(w) = -w**2 + 32*w - 20. Suppose 5 = c, -7*c + 17 = l - 8*c. What is the tens digit of k(l)?
0
Suppose 0 = 7*l - 60 - 3. Suppose -l*j + 4*j - 17040 = 0. What is the units digit of (-4 - j/27) + (-4)/18?
2
Suppose 1 = 4*k - 803. Let a = k - -88. What is the hundreds digit of a?
2
Suppose 1052031 = -9*r + 28*r - 89299. What is the ten thousands digit of r?
6
Let b(z) = 1127*z + 368. What is the hundreds digit of b(14)?
1
Let k = -114630 - -160875. What is the tens digit of k?
4
Let w = 28118 - 18827. What is the units digit of w?
1
Suppose -5*p + 7894 = 3*w, 5*w - 2244 = -3*p + 2486. Suppose 2*b = 6*z - 5*z - 408, -4*z = 5*b - p. What is the tens digit of z?
0
Let o = -71897 + 152241. What is the hundreds digit of o?
3
Let f = -103 + 237. Let n(u) = -u**2 - 4*u - 27. Let o be n(-9). Let b = o + f. What is the tens digit of b?
6
Suppose 0 = 24*b - 23*b - 444. Suppose 5*t + 3 = 5*c + 2*t, -5*c - 5*t + 35 = 0. Suppose 6*w - b = c*w. What is the units digit of w?
8
Suppose 2*r = -0*r + 3568. Suppose 0 = -9*p + 6401 - r. What is the units digit of p?
3
Suppose -2*l + 2*m + 54606 = 0, 5*l = -3*m + m + 136494. What is the tens digit of l?
0
Let u be 2/5 + 3286/10. Let o = u - -45. What is the units digit of o?
4
Suppose -4*v = -3*f + 23912, -32*v + 30*v - 4 = 0. What is the thousands digit of f?
7
Let f(h) be the first derivative of h**3/3 + 15*h**2/2 + 29*h + 2. Let l be f(-13). Suppose 2*s = 4*g + 520, -l*s - g = -2*s - 269. What is the tens digit of s?
6
Suppose -4*a = -5*x + 220, 0*x - x + 3*a = -55. Suppose -4*f - x = -5*c + 21, 4*c - 20 = 0. What is the units digit of ((84/f)/(8/(-12)))/2?
7
What is the tens digit of (-4 + 378/72)*2732?
1
Suppose 13*g + 160 = 5*p + 12*g, 0 = 4*p + 5*g - 99. Suppose -3*s = -6*s + 4*b - 10, 0 = -3*s - 5*b + 26. Suppose p + 53 = s*x. What is the units digit of x?
2
Let b(k) = 6*k**3 + 5*k**2 + 16*k + 91. What is the hundreds digit of b(8)?
6
Suppose -10 = -5*m + 4*i + i, -m - 2*i + 8 = 0. Suppose -5*s - 785 + 3003 = -m*f, s + f - 440 = 0. What is the hundreds digit of s?
4
Suppose 0 = 16*w - 90*w + 970140. What is the units digit of w?
0
Suppose q - 5*r - 4418 = 0, 5*q - 5*r - 2181 - 19809 = 0. What is the hundreds digit of q?
3
Let h = -21183 - -60127. What is the units digit of h?
4
Suppose -1 = 6*d - 19. Let m be 9 + (2 - (d + -3)). Let n = 26 + m. What is the tens digit of n?
3
Suppose 2*u - 403 = 6*o + 865, 5*u - 3265 = -4*o. What is the hundreds digit of u?
6
Let j(x) = 28*x**2 + 4*x + 110. Let o be j(-15). Suppose 0 = 6*f - o + 668. What is the units digit of f?
7
What is the thousands digit of (-124399)/(-3) - 5605/885?
1
Suppose 27339 = 30*m - 17*m. Suppose 2*v - 161 = 2*q + m, -q = 0. What is the tens digit of v?
3
Suppose 3*j + j + p - 66 = 0, 3*p + 42 = 3*j. Let d(w) = w**2 - 17*w + 19 - 26*w + 26*w. What is the units digit of d(j)?
3
Suppose 234*q - 230*q + 16 = 0. What is the hundreds digit of ((-16)/12)/(q/402)?
1
Suppose 2*o = d + 23, -2*o - 4*d + 70 - 22 = 0. Suppose 0 = 2*p - 4 + 22. Let a = o + p. What is the units digit of a?
5
Let i = -131 - -119. Let v be (-10)/i - (-28)/